common factor of g and 24.
8
Let w(v) = v + 5. Let c(u) = u + 1. Let k(h) = -3*c(h) + w(h). Let n be k(-2). Calculate the greatest common divisor of n and 6.
6
Suppose f + 3 = x, x - 12 = -f - 5. Suppose -67 - 63 = -x*o. Suppose -80 = -3*l - o. What is the greatest common divisor of 45 and l?
9
Suppose -24 - 30 = -u. Suppose 2*c = -5*s + 140, 3*s - 4*c - 4 = u. What is the greatest common factor of 65 and s?
13
Suppose 2*c - 33 = -5*t, 4*c = 3*t - 16 - 9. Calculate the highest common factor of t and 28.
7
Suppose 4 = -3*d + d, 5*d + 46 = 3*k. What is the greatest common factor of k and 84?
12
Let z be (1/(1/(-5)))/(-1). Let i(b) = 0 - b + z + 2. Let q be i(-5). What is the highest common divisor of q and 24?
12
Let t be (-2)/((-2)/(-1)) + 3. Suppose -t*k - 5*b = -13, -4*k + 2*b = 1 - 15. What is the greatest common factor of k and 8?
4
Let s be ((3 - 2) + -1)/(-1). Suppose 0 = -s*p + p - 21. Calculate the greatest common factor of p and 147.
21
Let s = 186 + -167. Let t = 3 + 0. Suppose t = k - 73. What is the highest common divisor of s and k?
19
Let m = -33 + 52. Let i(o) = o**2 + 5*o + 5. Let f be i(12). Calculate the greatest common divisor of m and f.
19
Suppose 0 = y - 0*y - 81. What is the greatest common divisor of y and 9?
9
Let m = 9 + -3. Calculate the greatest common factor of 66 and m.
6
Suppose 5*m + 0*m = -10. Let o be m - (-3)/(6/202). What is the highest common divisor of o and 11?
11
Let x(o) = o. Let p be x(2). Suppose -p*t - 9 = -5*t. Let r = t + 25. Calculate the highest common factor of r and 70.
14
Suppose -2*u - 5*z = -60, 2*z = -u + 33 - 5. Let j be ((-100)/4)/((-1)/2). Calculate the highest common factor of u and j.
10
Let g be 3/(32/20 - 1). Suppose g*a = f - 21, 5*a = -0*f - 5*f - 15. What is the highest common factor of 9 and f?
1
Let p(z) = -z**3 - 6*z**2 - 6*z + 7. Let u be p(-5). Suppose 0 = -l + 2*l - u. Calculate the greatest common divisor of 72 and l.
12
Suppose -v = -5*v - 4. Let u be v*2/(4/(-26)). Calculate the highest common divisor of 104 and u.
13
Let u(o) = o - 4. Let q be u(6). Suppose -5*s = q*c - 50, 3*c - 5*s + 95 = 8*c. What is the greatest common divisor of 5 and c?
5
Suppose 4*a = 2*a + 10. Suppose -2*z - 5*y = -108, -2*z + a*y + 90 = -58. What is the highest common factor of 8 and z?
8
Let l = 7 + -5. Let w = 1 + l. Suppose r + 42 = 5*y, -2*r - w*r - 12 = -3*y. What is the greatest common factor of y and 45?
9
Suppose -2*k = -4*y + 58, -y = -0*k + 2*k - 17. What is the highest common divisor of 195 and y?
15
Let m = 24 + -12. Let v = 119 - 71. What is the highest common divisor of m and v?
12
Let k(p) = p**2 - p + 6. Let v be k(0). Let n(l) = 5*l - l + v*l + l. Let o be n(6). Calculate the highest common factor of 44 and o.
22
Suppose -2*x - 72 = 3*h, -2 = -2*h - 2*x - 48. Let q = -14 - h. Suppose -3*t + 203 = -193. What is the highest common factor of t and q?
12
Let p(y) = 2*y**3 - 3*y**2 + 4*y - 2. Let z be p(2). Let l = z - 2. What is the highest common divisor of l and 64?
8
Let y be 2/(-3) - (-6)/9. Suppose 4*z + 32 = 5*p - y*z, -p - 5 = 3*z. Suppose -34 = -p*n + 10. What is the highest common factor of n and 55?
11
Let y = -2 - -2. Suppose 50 = m - y*m. Suppose 3*q = -5*o - 27 + 89, -m = -5*q + 5*o. Calculate the highest common divisor of 42 and q.
14
Let r be 18/22 + (-8)/(-44). Calculate the highest common divisor of r and 7.
1
Suppose 5*x + 0*x + 25 = 0. Let v = x - -13. Let c = 76 + 12. What is the greatest common factor of v and c?
8
Suppose -3*r + 42 + 12 = -3*j, 4 = -2*j. What is the greatest common factor of r and 144?
16
Let u = -81 + 115. Calculate the greatest common divisor of 68 and u.
34
Let h be 3 - 39/(6/(-2)). Let y(m) = m**2 + 2*m. Suppose -5*u + 13 = -o - 2, -4*u - o + 21 = 0. Let b be y(u). What is the highest common factor of h and b?
8
Let d = 23 - 6. Suppose 2*y + w - 1 = 0, 4*y = 3*y + 5*w - 5. Let j(l) = -l**3 + l**2 + 119. Let b be j(y). Calculate the greatest common divisor of d and b.
17
Suppose -d + 5 = -4. Let w = d - 5. Suppose 4*z - 65 = -4*q + q, 0 = 3*z - w*q - 30. Calculate the greatest common factor of 70 and z.
14
Let g(m) = -m**3 + 10*m**2 + m - 3. Let v be g(10). Let l = 16 - v. Suppose -2*j = 2*j - 72. Calculate the greatest common factor of j and l.
9
Let q = 28 + -18. What is the highest common divisor of 40 and q?
10
Let x(n) = -2*n**3 - 2*n**2 + n - 5. Let k be x(-3). Calculate the greatest common factor of 14 and k.
14
Suppose 4*w - w - 84 = -3*s, -s + 28 = -5*w. What is the greatest common factor of s and 35?
7
Let a be 16/24 + (-158)/(-6). Let z be 70/9 - (-6)/a. What is the highest common factor of z and 32?
8
Suppose 3*a + 3*y - 6 = 0, -3*y + y + 8 = 4*a. Let p be (2 - 5/a)*-134. Let l = p - 25. What is the greatest common divisor of l and 6?
6
Suppose 0 = 2*f - 2*q, -4*q = -9 - 7. What is the greatest common divisor of f and 32?
4
Let w(t) = t**2 + t + 11. Let s(h) = h**3 + 7*h**2 + 6*h. Let x be s(-6). Let b be w(x). Calculate the highest common divisor of b and 99.
11
Let v(l) = -l**2 - 7*l + 11. Let w be v(-10). Let p be (-1 - w)*(0 - -1). What is the highest common divisor of 18 and p?
18
Suppose 2*k - 5*k + 300 = 0. What is the greatest common factor of 20 and k?
20
Suppose -4*b = -3 - 5. Let p be 2/b + (-3 - -7). What is the greatest common divisor of p and 25?
5
Let r(c) = 15*c - 54. Let m be r(4). Calculate the highest common factor of m and 12.
6
Let h(s) = s**2 - 5*s + 6. Let i be h(5). Calculate the greatest common divisor of 2 and i.
2
Let a(q) = 2*q + 7. Let h be a(-6). Let z = h + 6. Calculate the highest common divisor of z and 7.
1
Suppose 240 = 4*b + 2*y + 74, -4*y - 46 = -b. Let i(h) = h**2 + 2*h + 11. Let w be i(-3). Calculate the highest common divisor of w and b.
14
Let x(i) = i**2 + 8*i + 4. Let f be x(-7). Suppose 2*t - 2 = 3*t. Let b = t - f. What is the greatest common factor of b and 2?
1
Let p(w) = w**2 + 8*w + 9. Let r be p(-7). Suppose 0 = -z - 5*l + 6, 0 = r*z + 2*l - 15 - 29. Calculate the highest common divisor of z and 39.
13
Suppose -3*i = -2*k - k - 15, 5*k = -4*i + 20. Suppose k = -3*g + 8*g - 60. Calculate the greatest common divisor of 12 and g.
12
Suppose -2*z - 868 = -2*k, -2*z + 545 - 1842 = -3*k. Calculate the highest common factor of 39 and k.
39
Let p(g) = -g**3 - g**2 - 5*g - 4. Suppose f + 7 = -m, -27 = 5*f - 2*m + 3*m. Let b be p(f). Calculate the greatest common divisor of 11 and b.
11
Let r = 170 - 128. Calculate the highest common divisor of 56 and r.
14
Suppose -6*p = -p - 60. Let q be p*(-2)/(-4)*7. Calculate the highest common factor of 6 and q.
6
Suppose -5*y + 22 = -2*w, -3*w + 15 = 5*y + 2*w. What is the highest common divisor of 24 and y?
4
Let i(v) = -4*v**2 - 5*v + 18. Let n(c) = -c**2 + c + 1. Let z(t) = i(t) - 5*n(t). Let d be z(9). What is the greatest common factor of d and 4?
4
Let k = 3 + -2. Suppose 0 = -4*b - 3 - k, -5*v + b + 26 = 0. Suppose -p - 2*p = -15. Calculate the greatest common divisor of p and v.
5
Suppose -2*t + 6 = 2. Suppose -5*r - 3*g = -379, -r + g - t*g + 75 = 0. Calculate the greatest common divisor of r and 11.
11
Suppose 0 = -5*a - 5*n + 225, 6*n - 90 = -2*a + n. Let m be (-2 + a/(-6))*-2. What is the highest common divisor of m and 171?
19
Suppose 4*q - 184 = -5*k, -4*k - 2*q = -6*q - 176. Let z = -2 + 3. Let u be 3/(9/57) + z. What is the greatest common factor of u and k?
20
Let p = 12 - -15. Calculate the greatest common factor of p and 243.
27
Let z(n) = n - 5. Let f be z(8). Suppose -f = d + 21. Let g = 39 + d. What is the greatest common divisor of g and 15?
15
Let h(d) = d + 3. Let g be h(5). Let s = -90 - -154. Calculate the highest common factor of g and s.
8
Let f = -38 + 54. Let p = 3 - 5. Let s be p + 2 + 38 + 2. Calculate the greatest common divisor of s and f.
8
Let v be ((-12)/14)/(1/(-7)). Let m = -519 + 525. Calculate the highest common divisor of m and v.
6
Suppose 11*l - 96 = 7*l. Let u = 8 + -5. What is the greatest common divisor of u and l?
3
Let r(o) = -o**3 + 9*o**2 + 11*o + 10. Suppose 0 = -4*x + h + 44, 2*h - 66 = -5*x + 6*h. Let l be r(x). What is the highest common factor of l and 30?
10
Suppose -4*a + f = -180, -6*f - 45 = -a - 2*f. Calculate the greatest common divisor of 5 and a.
5
Suppose -7 = 2*t - 3*o + 8, 5*t + 